et x be -1 - (-846)/(-12)*4. Let z = x - -616. List the prime factors of z.
3, 37
Suppose -28 = 2*t + 5*g + 34, 0 = -t - 4*g - 28. Let s = -250 - -139. Let f = t - s. What are the prime factors of f?
3, 5
Let i(y) = -y**2 + 5*y + 16. Let f be i(7). Suppose d - 10 = 2*o + f*o, 3*o + 9 = d. Let a(s) = s**3 - 4*s**2 + 16*s + 12. List the prime factors of a(d).
2, 3, 5
Let q(x) = x**2 + 30. Let j be q(13). Let v = j - 148. List the prime factors of v.
3, 17
Suppose -686 = 23*x + 28432. Let u = -880 - x. List the prime factors of u.
2, 193
Suppose -117*o + 6088 + 5612 = 0. List the prime factors of o.
2, 5
Suppose -48 = 2*g + 50. Let z = 192 + -90. Let h = g + z. What are the prime factors of h?
53
Suppose 15*r - 10197 - 3693 = 0. Let a = r - 643. List the prime factors of a.
283
Let b(y) = -289*y - 204. What are the prime factors of b(-2)?
2, 11, 17
Let d = 36601 + -22247. List the prime factors of d.
2, 7177
What are the prime factors of (4/3)/((11 - -21)/1216128)?
2, 3167
Let l = -95 + 105. Let j(y) = -l*y - 8 + y - 24*y - 41*y. List the prime factors of j(-4).
2, 3
Let i be ((-132)/14)/(20/280). Let q = i + 480. What are the prime factors of q?
2, 3, 29
Let r = 74 - 75. Let y(z) = -124*z**2 + 7*z + 4. Let o(n) = -62*n**2 + 3*n + 2. Let p(u) = -7*o(u) + 3*y(u). List the prime factors of p(r).
2, 3, 5
Suppose 11253 = 514*j - 481*j. List the prime factors of j.
11, 31
Suppose 58 = -2*h + 4*u, -u + 4*u = -4*h - 116. Let f = 33 + h. Suppose -f*c + 2*c + 110 = 0. What are the prime factors of c?
5, 11
Let b = 153951 - 69067. What are the prime factors of b?
2, 21221
Let j(v) = -3*v**2 - v + 7. Let q be j(2). Let b(r) = -r**3 + r**2 - 8*r + 16. Let i be b(q). Suppose -4*a = -6*a + i. What are the prime factors of a?
2, 29
Suppose -5*z + 12 = 2*u, 0*u - 5 = 5*u - 5*z. Suppose -2*a = u - 7. Suppose -200 = -a*r - 2*r. List the prime factors of r.
2, 5
List the prime factors of ((-27)/(-2))/(92988/(-15504) - -6).
2, 3, 17, 19
Let n = -652 + 3616. List the prime factors of n/10 + (66/15)/(-11).
2, 37
List the prime factors of 1 + -16 + 65579 + -15.
11, 59, 101
Let z = -11 + 48. Suppose 4*m = -3 - z. What are the prime factors of (4 - (-25)/m)*18?
3
Suppose 2*s = -k + 12386, -2*s = 8*k - 1409 - 10963. List the prime factors of s.
2, 19, 163
Suppose -h + 3*i = -11, 0 = -0*i - 4*i - 16. Let g(s) = 0*s**2 - 2*s - 1 + 7*s**2 + 3*s - 11*s**3 - 5*s**2. List the prime factors of g(h).
11
Let n = -35 - -108. Suppose 0 = -2*t - 2*c - 44, -3*t - n = 2*c - 2. Let i(a) = -a + 35. What are the prime factors of i(t)?
2, 31
Let f(w) = 50*w - 16. Let d be f(2). Suppose 3*h = -5*g + d + 36, 5*g - 120 = 4*h. Suppose 25*k - 198 = g*k. List the prime factors of k.
2, 3, 11
Let p(d) = -6 + 20*d + 29*d - 3. Suppose -2*g + 12*r = 16*r - 4, g + 1 = -5*r. What are the prime factors of p(g)?
11, 17
Let c be (-2)/10 + 532/35 + -7. Suppose c*r = 751 + 1889. What are the prime factors of r?
2, 3, 5, 11
Suppose -x = -1, -70 = -y + x + 250. Let h = y + 1090. List the prime factors of h.
17, 83
Let s(y) = y - 22. Let b be s(26). Suppose b*d = d + 9. Suppose 38 - 266 = -d*g. What are the prime factors of g?
2, 19
Let z be 6 + -8 - 11 - -126. Let j be ((-10)/(-8))/(1/4). Suppose j*w = 2*b + 183, 4*w - w - z = 2*b. What are the prime factors of w?
5, 7
Suppose -3*m + 13 - 1 = 0. Suppose 5*p - 2 = -2*i, -p - 2*p + 18 = m*i. Suppose -18 = -4*k + 2*h, -2*k + h + i = -h. What are the prime factors of k?
2, 3
Let d = -2380 + 2381. Let l(p) = p**3 + 7*p**2 + 5*p - 8. Let s be l(-6). List the prime factors of d/2*s*-69.
3, 23
Let u(z) = -26*z + 42. Let b be u(-1). Suppose -7*v + 3*k = -10*v + 57, 5*v - 4*k = b. What are the prime factors of v?
2
List the prime factors of (-37297)/(-6) + (-3 - -3) + 32/(-192).
2, 3, 7, 37
Let o(r) be the second derivative of 25*r**4/12 - 5*r**3/6 + 2*r**2 + r. Let m(f) = 2*f**3 - 18*f**2 + 11*f + 42. Let c be m(8). List the prime factors of o(c).
2, 47
Let f(d) = -6*d + 2714. Let o be f(0). Suppose 8*k - o = 390. What are the prime factors of k?
2, 97
Suppose -98*u - 96038 = -103*u + 3*g, -4*u + 76860 = 5*g. What are the prime factors of u?
2, 5, 17, 113
Let h(y) = y**2 - 12*y - 4. Let u be h(4). What are the prime factors of (-3 - 1262/(-18)) + 4/u?
67
Let n = 6653 - 3401. List the prime factors of (-10)/(-4)*n/15.
2, 271
Let l = 5040 + 176. List the prime factors of l.
2, 163
Let n(t) = 0*t + 2*t + 26 + 1 + 15*t. Let c(v) = 52*v + 83. Let g(r) = 4*c(r) - 11*n(r). What are the prime factors of g(12)?
7, 41
Suppose 5*n + 2*y - 25276 = y, -5*y + 15148 = 3*n. List the prime factors of n.
2, 79
Suppose 112 = -20*m + 27*m. Suppose -3*f = 4*u - 1321, m*f = 13*f + 4*u + 1313. What are the prime factors of f?
439
List the prime factors of 116/(-174) + 381196/6 + -11.
63521
Suppose -5*f - 37 = 2*r, r - 2*f = -5*f - 20. Let b(z) = z - 1. Let v(q) = -18*q - 43. Let c(u) = 5*b(u) + v(u). What are the prime factors of c(r)?
5, 19
Let w = 148 + -79. Let p = -64 + w. Suppose -s - 181 - 114 = -4*i, -2*i - p*s + 131 = 0. List the prime factors of i.
73
Let u(i) = -i**3 - 3*i + 4. Let n be u(-4). What are the prime factors of 16740/n*32/6*1?
2, 3, 31
Let t(p) = 8*p**2 + 31*p**2 + 20*p**2 + p**3 + 32*p - 38 - 23*p**2. What are the prime factors of t(-35)?
67
Suppose 2*h = -2*q + 6144, h + 0*h - 5*q - 3054 = 0. Suppose -h = -12*m - 897. List the prime factors of m.
181
Suppose -5*x + 4*b - 13782 = -8*x, 4*x - 18363 = -b. Suppose -3*v - x = -12*v. List the prime factors of v.
2, 3, 5, 17
Suppose -5*i = -3*i - 4. Suppose -16*h = 166 - 246. Suppose 0 = -h*r + q + 568, 2*q - i = -8. What are the prime factors of r?
113
Let g(w) = -21*w**3 - 2*w**2 - 17*w + 4. Let r(k) = 64*k**3 + 6*k**2 + 50*k - 12. Let v(p) = -11*g(p) - 4*r(p). List the prime factors of v(-3).
2, 5, 7
Suppose 0 = 2*u + 4*f - 12744, -18*f = -u - 14*f + 6342. What are the prime factors of u?
2, 3181
Suppose -10367 = -281*j + 274*j. Suppose -243 + 1720 = 3*w - k, -3*w - k = -j. What are the prime factors of w?
17, 29
Let k = -256 - -281. Let t(n) = n**3 - 25*n**2 + 25*n - 12. What are the prime factors of t(k)?
613
Let s = 3447 + -5518. Let i = s + 3687. List the prime factors of i.
2, 101
Let v(q) = -535*q + 128 + 110 + 647*q. What are the prime factors of v(12)?
2, 7, 113
Let c(n) = n + 7. Let x be c(3). Let b(k) = 2*k - 19. Let g be b(x). List the prime factors of ((-1)/((-166)/82 + 2))/g.
41
Let b(h) be the second derivative of h**4/8 - 5*h**3/6 + 3*h**2/2 - 9*h. Let z(x) be the first derivative of b(x). List the prime factors of z(14).
37
Suppose -21*t + 0 + 21 = 0. Let c be (38 - 8)*1*-1. List the prime factors of (t - -174 - 1)*(c - -31).
2, 3, 29
Let g = -137 - -139. Suppose -p + 3 = -0, -2*p = g*w - 672. List the prime factors of w.
3, 37
Let o(q) = 186*q**2 + 306*q - 1868. List the prime factors of o(6).
2, 7, 17
Let d(z) = 13*z - 22. Let m be d(2). Suppose -866 - 5398 = -5*p - 4*l, m*p + 5*l - 5004 = 0. List the prime factors of p.
2, 157
Let y = -95 - 37. Let r(j) = 3*j**2 - 224*j - 778. Let x be r(78). What are the prime factors of (-8866)/y - x/12?
67
Suppose 4*t - 151 - 789 = 0. Suppose t = -55*y + 56*y. Let v = -5 + y. What are the prime factors of v?
2, 5, 23
Let l(x) = -14091*x + 2193. List the prime factors of l(-3).
2, 3, 7411
Let j = -188 + 191. Suppose j*m = 1589 - 356. List the prime factors of m.
3, 137
Suppose 58 = 4*h + 7*c - 5*c, 5*c - 61 = -3*h. Suppose -4*u = h*u - 4976. List the prime factors of u.
311
Let d = 3867 - 5906. Let t = -735 - d. What are the prime factors of t?
2, 163
Suppose 103*g - 6132 = 89*g. Let n(c) = 2*c + 1. Let p be n(3). Suppose -g = -p*r + 528. List the prime factors of r.
2, 3, 23
Let q = 14718 - 7453. What are the prime factors of q?
5, 1453
Let v(b) = 1233 + 17*b - 1122 - 54*b. List the prime factors of v(-11).
2, 7, 37
Let l(v) = 386*v + 3878. What are the prime factors of l(151)?
2, 15541
What are the prime factors of (-1 - 140592/(-14)) + 336/(-1176)?
3, 3347
Let o(b) = 2*b + 4. Let f be o(4). Let h be (-2)/12 - ((-698)/f - -4). Suppose 12*s - 10*s = h. List the prime factors of s.
3
Let d(h) = -2*h**2 - 5 + 16*h**2 - h**3 - 14 - 6*h. What are the prime factors of d(12)?
197
What are the prime factors of ((-64)/20)/4 + (5251740/(-75))/(-4)?
3, 5, 389
Let p(n) =